et g(s) = -14*s**2 - 412*s + 1813. Calculate g(-33).
163
Let b(r) = -r**3 - 2161*r**2 - 1164935*r - 5145. Give b(-1030).
5
Let o(h) = -20*h**2 - 100*h + 7. What is o(-3)?
127
Let i(z) = -3*z**2 - 586*z - 4125. Give i(-188).
11
Let f(t) = -271*t**2 + 2452*t - 33. Determine f(9).
84
Let v(c) = -2*c**2 - 10390*c - 248211. Calculate v(-24).
-3
Let o(g) = -2*g**3 + 139*g**2 - 44*g + 64. Calculate o(69).
1789
Let n(c) = 595*c - 46759. Determine n(76).
-1539
Let i(u) = -4033*u + 729970. Determine i(181).
-3
Let c(o) = -o**3 + 2056*o**2 - 129385*o - 1953. Give c(65).
-3
Let s(a) = -2*a**3 + 11*a**2 - 865*a + 5265. Calculate s(6).
39
Let s(l) = 4397*l - 180255. Determine s(41).
22
Let r(x) = 56829*x - 568305. What is r(10)?
-15
Let l(d) = 46*d + 5185. Calculate l(-111).
79
Let o(a) = 869*a + 70311. Determine o(-81).
-78
Let h(n) = -787952*n - 21274697. What is h(-27)?
7
Let m(n) = 9*n**3 - 11691*n**2 - 3*n + 3919. Calculate m(1299).
22
Let w(r) = -r**3 - 509*r**2 - 8842*r - 69. Give w(-18).
3
Let l(m) = 19*m - 1527. Give l(-42).
-2325
Let c(z) = 94960*z - 569762. What is c(6)?
-2
Let z(i) = -30756*i - 993. Determine z(0).
-993
Let g(u) = -3842*u - 26135. Give g(-7).
759
Let s(c) = 337*c + 2050. Give s(-11).
-1657
Let j(i) = i**3 - 166*i**2 - 462*i - 7632. Calculate j(169).
-27
Let d(i) = -20*i**3 - 9*i**2 + 907*i + 5518. What is d(-6)?
4072
Let h(f) = -f**2 - 149*f + 28030. Give h(109).
-92
Let z(p) = 2109*p + 7950. Calculate z(-4).
-486
Let i(j) = -16662*j**2 - 216605*j + 4. Determine i(-13).
-9
Let g(o) = 373*o + 11912. What is g(-36)?
-1516
Let u(l) = -l**3 - 48*l**2 - 274*l - 13. Determine u(-9).
-706
Let x(r) = 3205*r - 13948. What is x(4)?
-1128
Let l(f) = -f**3 - 15*f**2 + 582*f + 9075. What is l(-16)?
19
Let x(l) = -99*l**2 + 7325*l + 213. What is x(74)?
139
Let h(g) = -g**2 - 1800*g + 54910. Give h(30).
10
Let r(k) = -k**3 - 274*k**2 - 398*k - 109040. Give r(-274).
12
Let h(q) = -273*q - 2253. Calculate h(0).
-2253
Let u(x) = 14379*x + 14339. Calculate u(-1).
-40
Let g(v) = -v**3 - 15*v**2 + 43*v - 11. Give g(-10).
-941
Let q(m) = -82*m**2 + 39842*m + 4867. Calculate q(486).
7
Let v(h) = 15*h**2 + 19113*h - 15253. Determine v(-1275).
47
Let b(p) = 9*p**2 - 413*p + 1495. What is b(4)?
-13
Let x(g) = -290*g**2 - 349*g - 689. Determine x(-2).
-1151
Let n(f) = -962*f + 7626. Calculate n(8).
-70
Let y(d) = -2*d**3 + 164*d**2 + 1701*d + 32. Give y(-10).
1422
Let v(k) = -75*k**3 + 382*k**2 - 347*k + 1561. Determine v(5).
1
Let z(j) = 8384*j + 134182. Give z(-16).
38
Let u(h) = -3*h**3 + 9*h**2 - 116*h + 56. Calculate u(-5).
1236
Let b(i) = -591*i**2 + 2661*i + 1452. Give b(5).
-18
Let h(y) = -y**3 - 7*y**2 - 125*y - 1049. Determine h(-10).
501
Let h(t) = -8*t**2 - 56213*t - 112425. Determine h(-2).
-31
Let j(i) = -106*i + 3592. What is j(29)?
518
Let a(z) = z**2 - 2347*z + 915373. Calculate a(494).
-9
Let v(g) = -5*g**2 + 439*g + 18409. What is v(-31)?
-5
Let p(s) = s**3 - 331*s**2 - 2097*s - 462. Give p(-6).
-12
Let p(b) = b**3 - 192*b - 105. Determine p(14).
-49
Let p(i) = -96*i + 9310. Give p(98).
-98
Let p(t) = 83*t**3 + 11*t**2 - 105*t + 164. Give p(2).
662
Let h(z) = -6872*z - 247421. Determine h(-36).
-29
Let g(k) = -2*k**2 - 49*k - 154. What is g(-26)?
-232
Let i(j) = 15*j**3 - 31*j**2 + 46*j - 21. What is i(1)?
9
Let i(b) = 302189*b + 1510849. Calculate i(-5).
-96
Let q(g) = 2624*g - 1628. Calculate q(1).
996
Let m(o) = 1669*o - 51. Calculate m(0).
-51
Let p(z) = -z**3 + 23*z**2 + 3985*z - 84235. Calculate p(21).
332
Let y(w) = 691*w + 15078. Give y(-22).
-124
Let w(n) = -5*n**3 - 63*n**2 + 131*n + 1322. Give w(-13).
-43
Let b(p) = -97*p**3 - 2*p**2 + 93*p - 401. Calculate b(4).
-6269
Let t(o) = 5441*o - 1278475. Calculate t(235).
160
Let b(t) = t**2 - 3125*t - 4948804. Determine b(-1156).
32
Let k(h) = -2*h**3 + 5*h**2 + 6*h - 228. Determine k(7).
-627
Let j(d) = -d**2 - 972*d - 6747. Calculate j(-7).
8
Let h(d) = -37*d**3 + 3*d**2 + 86*d - 254. Give h(3).
-968
Let h(d) = -4*d**2 + 236*d - 118. What is h(57)?
338
Let h(l) = -6*l**3 + 193*l**2 - 5*l - 844. Give h(32).
20
Let f(z) = 4*z**3 - 33*z**2 + 94*z - 922. What is f(13)?
3511
Let h(a) = -175*a**3 + 889*a**2 + 4*a + 27. What is h(5)?
397
Let f(i) = -5783*i + 150430. What is f(26)?
72
Let a(i) = -i**2 - 1457*i + 70678. Give a(47).
-10
Let h(t) = 504*t**3 + 9*t**2 - 292*t - 301. Give h(-1).
-504
Let r(q) = -q**3 - 18*q**2 - 35*q - 16. Calculate r(-6).
-238
Let q(d) = -233*d - 11266. What is q(-46)?
-548
Let m(d) = 220*d**2 - 55*d - 116. Give m(-2).
874
Let k(t) = 15536*t - 46634. Calculate k(3).
-26
Let g(p) = -942*p + 19773. Give g(21).
-9
Let z(b) = 5*b**2 - 36746*b - 257497. Determine z(-7).
-30
Let p(q) = q**3 - 171*q**2 - 9199*q - 435. Calculate p(214).
207
Let b(i) = 392*i**2 - 1323*i + 109. Give b(3).
-332
Let x(j) = -54*j - 7511. What is x(-99)?
-2165
Let c(y) = -5*y**2 - 269*y + 6794. Determine c(-75).
-1156
Let d(j) = -j**3 + 11*j**2 - 29*j + 247. Calculate d(10).
57
Let k(n) = -971*n + 4252. Calculate k(4).
368
Let q(v) = -v**2 + 109*v + 4176. Calculate q(140).
-164
Let n(w) = 2*w**2 - 110*w - 68. Calculate n(61).
664
Let t(x) = -3*x**3 - 38*x**2 + 49*x + 35. Give t(2).
-43
Let f(i) = 7*i**3 - 3782*i**2 + 1087*i - 4105. Calculate f(540).
-325
Let i(g) = -17*g**2 + 426*g + 8395. What is i(-13)?
-16
Let y(w) = -10*w**2 - 729*w + 3444. Calculate y(-78).
-534
Let c(z) = 24371*z - 73257. Determine c(3).
-144
Let y(d) = -2942*d + 40859. What is y(14)?
-329
Let b(w) = -9481*w + 218146. Calculate b(23).
83
Let f(y) = -417*y + 2280. What is f(2)?
1446
Let p(d) = 2*d**3 - 256*d**2 - 518*d - 377. Give p(130).
-117
Let c(p) = 11*p**3 - 171*p**2 + 69*p + 320. Determine c(15).
5
Let v(y) = -6*y**2 + 55*y + 222. Calculate v(-3).
3
Let z(d) = 172723*d - 345445. Determine z(2).
1
Let g(p) = 252812*p - 10112479. Determine g(40).
1
Let i(a) = 25876*a**2 - 1940700*a + 7. Give i(75).
7
Let g(r) = r**2 + 180*r + 719. Determine g(-176).
15
Let c(b) = 7436*b - 297522. What is c(40)?
-82
Let v(j) = 43*j**3 - 1159*j**2 + 31*j - 2360. Give v(27).
-65
Let p(f) = -2*f**2 + 2275*f - 68615. Calculate p(31).
-12
Let f(k) = -52*k**3 + 38*k**2 - 35*k + 6. What is f(4)?
-2854
Let k(b) = 1618*b**2 - 21027*b - 88. Determine k(13).
3
Let j(s) = -s**3 + 1585*s**2 + 70002*s + 3255. Determine j(1628).
-1
Let h(n) = -n**3 - 9*n**2 + 597*n + 3666. Determine h(-6).
-24
Let g(h) = h**3 + 195*h**2 + 2938*h + 13367. Determine g(-179).
121
Let i(v) = 57426*v - 746537. Determine i(13).
1
Let u(h) = 724*h - 10182. Calculate u(14).
-46
Let b(g) = 194171*g + 4854273. Determine b(-25).
-2
Let h(q) = -1161*q - 150092. Determine h(-129).
-323
Let b(q) = -3*q**3 + 12*q**2 - 59*q + 83. Determine b(5).
-287
Let s(g) = g**3 + 135*g**2 + 3996*g - 731. Give s(-91).
-3
Let h(r) = 7412*r - 9450325. What is h(1275)?
-25
Let w(p) = p**3 + 61*p**2 + 63*p + 1414. Give w(-60).
1234
Let z(r) = 80210*r + 2085467. Give z(-26).
7
Let u(t) = 328*t - 2040. Determine u(7).
256
Let z(d) = 27838*d - 27559616. What is z(990)?
4
Let f(w) = -5*w**2 - 35*w + 23. What is f(-7)?
23
Let a(p) = -4*p**3 - 29*p**2 + 63*p + 149. Determine a(-11).
1271
Let o(z) = -z**3 + 265*z**2 + 496*z - 61186. Give o(266).
-6
Let g(u) = 2*u**3 - 114*u**2 + 120*u + 485. Determine g(56).
933
Let x(r) = 428*r**2 - 58211*r + 392. Calculate x(136).
-16
Let c(z) = -2*z**3 + 557*z**2 + 2. Determine c(0).
2
Let s(t) = -107*t**3 + 18*t - 32. Calculate s(0).
-32
Let u(k) = -73*k**2 + 3142*k - 6. What is u(43)?
123
Let s(g) = g**2 - 24790*g - 124007. Determine s(-5).
-32
Let q(t) = -5257*t**2 - 10513*t - 1. Determine q(-2).
-3
Let w(k) = 25*k**3 - 199*k**2 + 100*k - 776. What is w(8)?
88
Let r(f) = 2*f**2 + 88*f + 380. Calculate r(-22).
-588
Let p(h) = -4*h**2 - 17*h + 453. Give p(-10).
223
Let w(s) = -16*s**2 + 349*s - 3240. What is w(11)?
-1337
Let h(y) = 11*y**2 + 968*y - 324. What is h(-88)?
-324
Let x(y) = -51111*y + 766638. Determine x(15).
-27
Let j(y) = 88716*y + 1508161. Determine j(-17).
-11
Let x(i) = -25565*i + 3860316. What is x(151)?
1
Let q(s) = -5*s**2 + 150*s - 1607. Determine q(15).
-482
Let z(x) = -2*x**2 - 68*x + 63. Give z(-45).
-927
Let r(d) = 2*d**3 - 285*d**2 + 5026*d - 2914. Determine r(122).
14
Let u(q) = -3878*q - 829856. What is u(-214)?
36
Let i(s) = -4574